{"id":3304,"date":"2026-01-06T08:45:46","date_gmt":"2026-01-06T08:45:46","guid":{"rendered":"http:\/\/worksopwebdesign.co.uk\/SMAG\/?page_id=3304"},"modified":"2026-01-06T09:00:28","modified_gmt":"2026-01-06T09:00:28","slug":"carlsbergbyen","status":"publish","type":"page","link":"http:\/\/worksopwebdesign.co.uk\/SMAG\/carlsbergbyen\/","title":{"rendered":"carlsbergbyen"},"content":{"rendered":"<div class=\"wpb-content-wrapper\"><p>[vc_row content_placement=&#8221;top&#8221; css=&#8221;.vc_custom_1767534805986{padding-right: 5% !important;padding-left: 5% !important;}&#8221;][vc_column width=&#8221;1\/2&#8243; el_class=&#8221;spacingpara&#8221;][vc_empty_space height=&#8221;60px&#8221;][vc_column_text css=&#8221;&#8221;]<\/p>\n<h1>Smag Carlsberg Byen<\/h1>\n<p>[\/vc_column_text][vc_empty_space height=&#8221;30px&#8221;][vc_column_text css=&#8221;&#8221; el_class=&#8221;maintextforms&#8221;]<strong data-start=\"114\" data-end=\"137\">Smag Carlsberg Byen<\/strong> er et madhus med hjertet i s\u00e6sonens r\u00e5varer. Vi laver mad med fokus p\u00e5 \u00f8kologi og lokale producenter<\/p>\n<p>\u2013 fra friske gr\u00f8ntsager til mejeriprodukter fra\u00a0<strong data-start=\"289\" data-end=\"304\">S\u00f8tofteg\u00e5rd<\/strong>\u00a0og brune \u00f8kologiske \u00e6g fra\u00a0<strong data-start=\"332\" data-end=\"349\">Niels &amp; Grete<\/strong>.<\/p>\n<p>I vores lille deli kan du ogs\u00e5 k\u00f8be udvalgte varer med hjem.<\/p>\n<p>Vi er b\u00e5de\u00a0<strong data-start=\"428\" data-end=\"468\">spiseri, take away, deli og catering<\/strong>\u00a0\u2013 altid med samme k\u00e6rlighed til gode r\u00e5varer.[\/vc_column_text][vc_empty_space height=&#8221;60px&#8221;][vc_row_inner][vc_column_inner el_class=&#8221;menublock3&#8243;][vc_column_text css=&#8221;&#8221;]<em><strong>\u00c5bningstider<\/strong><\/em>[\/vc_column_text][vc_column_text css=&#8221;&#8221;]Morgenmad: 9\u201311<br \/>\nFrokost &amp; aftensmad: 11\u201321<br \/>\n\u00c5bent alle ugens dage[\/vc_column_text][vc_btn title=&#8221;Book dit bord&#8221; css=&#8221;&#8221; link=&#8221;url:mailto%3Amm%40smagnu.dk&#8221;][\/vc_column_inner][\/vc_row_inner][\/vc_column][vc_column width=&#8221;1\/2&#8243;][vc_single_image image=&#8221;3057&#8243; img_size=&#8221;full&#8221; css=&#8221;&#8221; el_class=&#8221;offset&#8221;][vc_empty_space height=&#8221;30px&#8221;][\/vc_column][\/vc_row][vc_row css=&#8221;.vc_custom_1767541249844{padding-right: 5% !important;padding-left: 5% !important;background-position: center !important;background-repeat: no-repeat !important;background-size: cover !important;border-radius: 30px !important;}&#8221; el_class=&#8221;banner&#8221;][vc_column][vc_empty_space height=&#8221;60px&#8221;][vc_raw_html css=&#8221;&#8221;]JTNDaWZyYW1lJTIwYWxsb3clM0QlMjJnZW9sb2NhdGlvbiUyMiUyMGZyYW1lYm9yZGVyJTNEMCUyMHN0eWxlJTNEJTI3d2lkdGglM0ExMDAlMjUlM0JoZWlnaHQlM0E1MDBweCUzQiUyNyUyMHNyYyUzRCUyN2h0dHBzJTNBJTJGJTJGd3d3LnplZW1hcHMuY29tJTJGcHViJTNGZ3JvdXAlM0Q2OTU1MjYwJTI3JTNFJTIwJTNDJTJGaWZyYW1lJTNF[\/vc_raw_html][vc_empty_space height=&#8221;60px&#8221;][\/vc_column][\/vc_row][vc_row content_placement=&#8221;top&#8221; css=&#8221;.vc_custom_1767534805986{padding-right: 5% !important;padding-left: 5% !important;}&#8221;][vc_column el_class=&#8221;spacingpara&#8221;][vc_empty_space height=&#8221;60px&#8221;][vc_row_inner content_placement=&#8221;middle&#8221;][vc_column_inner width=&#8221;1\/2&#8243; css=&#8221;.vc_custom_1767689779464{padding-right: 5% !important;}&#8221;][vc_column_text css=&#8221;&#8221;]<\/p>\n<h1>Se menukortet herunder og smag s\u00e6sonen hos os.<\/h1>\n<p>[\/vc_column_text][vc_column_text css=&#8221;&#8221; el_class=&#8221;maintextforms&#8221;]Derudover finder du selvf\u00f8lgelig ogs\u00e5 vores popul\u00e6re\u00a0<strong data-start=\"712\" data-end=\"737\">salater og sandwiches<\/strong>,<\/p>\n<p>som du kender fra andre Smag take away-butikker<\/p>\n<p>\u2013 frisklavet fra bunden hver morgen.<\/p>\n<p>Se udvalget under\u00a0<strong data-start=\"842\" data-end=\"864\"><a href=\"http:\/\/worksopwebdesign.co.uk\/SMAG\/salater\/\">Salater<\/a> &amp; Sandwich<\/strong>.[\/vc_column_text][\/vc_column_inner][vc_column_inner el_class=&#8221;roundimage&#8221; width=&#8221;1\/2&#8243; css=&#8221;.vc_custom_1767689860037{background-image: url(http:\/\/worksopwebdesign.co.uk\/SMAG\/wp-content\/uploads\/2026\/01\/smag10.jpg?id=3045) !important;background-position: center !important;background-repeat: no-repeat !important;background-size: cover !important;}&#8221;][vc_empty_space height=&#8221;400px&#8221;][\/vc_column_inner][\/vc_row_inner][vc_empty_space height=&#8221;100px&#8221;][vc_row_inner][vc_column_inner el_class=&#8221;menublock&#8221; width=&#8221;1\/2&#8243;][vc_column_text css=&#8221;&#8221;]<\/p>\n<h6 style=\"text-align: center;\">Morgenmad 9.00\u201311.00<\/h6>\n<p style=\"text-align: center;\"><strong>Morgentallerken \u2013 125,00 kr.<\/strong><br \/>\nSurdejsbr\u00f8d, pisket sm\u00f8r, b\u00e6rkompot, S\u00f8bo-ost fra S\u00f8tofte G\u00e5rd<br \/>\n&amp; \u00f8kologisk brunt spejl\u00e6g fra Niels &amp; Grete<\/p>\n<p style=\"text-align: center;\"><strong>\u00c6g &amp; tomat \u2013 125,00 kr.<\/strong><br \/>\nOmelet af \u00f8kologiske brune \u00e6g fra Niels &amp; Grete, bagte tomater, tomatsalsa,<br \/>\nolivenolie &amp; krydderurter<br \/>\nServeres med surdejsbr\u00f8d &amp; pisket sm\u00f8r<\/p>\n<p style=\"text-align: center;\"><strong>Yogurt &amp; blomme \u2013 75,00 kr.<\/strong><br \/>\nS\u00f8tofte G\u00e5rd yogurt, blommekompot, grillet blomme &amp; hjemmelavet granola<\/p>\n<p style=\"text-align: center;\"><strong>Vaffel &amp; blomme \u2013 75,00 kr<\/strong>.<br \/>\nBelgisk vaffel, grillet blomme, blommekompot &amp; mascarponecreme<\/p>\n<p style=\"text-align: center;\"><strong>Quinoagr\u00f8d \u2013 45,00 kr.<\/strong><br \/>\nQuinoagr\u00f8d p\u00e5 kokosm\u00e6lk, toppet med t\u00f8rret frugt, kerner &amp; kokos<\/p>\n<p style=\"text-align: center;\"><strong>Br\u00f8d, ost &amp; sm\u00f8r \u2013 85,00 kr.<\/strong><br \/>\nSurdejsbr\u00f8d, pisket sm\u00f8r, b\u00e6rkompot, S\u00f8bo-ost fra S\u00f8tofte G\u00e5rd<\/p>\n<p style=\"text-align: center;\"><strong>Proteinpower-tallerken \u2013 185,00 kr.<\/strong><br \/>\nHakkeb\u00f8f, \u00f8kologiske spejl\u00e6g fra Niels &amp; Grete, avocado<br \/>\n&amp; en s\u00e6sonbestemt salat<\/p>\n<p style=\"text-align: center;\"><strong>Croissant \u2013 45,00 kr.<\/strong><\/p>\n<p>[\/vc_column_text][\/vc_column_inner][vc_column_inner el_class=&#8221;menublock&#8221; width=&#8221;1\/2&#8243;][vc_column_text css=&#8221;&#8221;]<\/p>\n<h6 style=\"text-align: center;\">Frokost &amp; aften 11.00\u201321.00<\/h6>\n<p style=\"text-align: center;\"><strong>Ugens varme ret \/ Ugens varme vegetar ret \u2013 fra 155,00 kr.<\/strong><br \/>\nSp\u00f8rg personalet eller se menuen ved disken<\/p>\n<p style=\"text-align: center;\"><strong>Gr\u00e6skarsuppe \u2013 75,00 kr.<\/strong><br \/>\nGr\u00e6skarsuppe med kokos, chili &amp; ingef\u00e6r<br \/>\nServeres med surdejsbr\u00f8d &amp; pisket sm\u00f8r<\/p>\n<p style=\"text-align: center;\"><strong>Saftig okseburger \u2013 185,00 kr.<\/strong><br \/>\nSmurt med gr\u00f8n aioli &amp; s\u00f8d kartoffelpur\u00e9, r\u00f8dl\u00f8gsrelish,<br \/>\n\u00f8kologisk dansk Havarti Krystal ost, tomat &amp; avocado<br \/>\nServeres med ovnbagte salvie-kartofler &amp; gr\u00f8n aioli<\/p>\n<p style=\"text-align: center;\"><strong>Club sandwich \u2013 170,00 kr.<\/strong><br \/>\nSmurt med karrydressing med pickles, avocado, tomat, spidsk\u00e5l,<br \/>\ngrillet kyllingefilet &amp; spr\u00f8d serrano<br \/>\nServeres med stegte s\u00f8dekartofler &amp; gr\u00f8n aioli<\/p>\n<p style=\"text-align: center;\"><strong>Thai oksek\u00f8dsalat \u2013 195,00 kr.<\/strong><br \/>\nOksem\u00f8rbrad (medium rare), agurk, peanuts, b\u00f8nnespirer, k\u00e5l, chili,<br \/>\novnbagt s\u00f8d kartoffel &amp; vores hjemmelavede thailandske sesamdressing<\/p>\n<p style=\"text-align: center;\"><strong>Steak Sandwich \u2013 195,00 kr.<\/strong><br \/>\nHjemmelavet focacciabr\u00f8d fyldt med grillet oksem\u00f8rbrad (medium rare),<br \/>\nfrisk rucola, tomatchutney, mascarponecreme &amp; h\u00f8vlet parmesan<br \/>\nServeres med urtegrillede kartofler &amp; gr\u00f8n aioli<\/p>\n<p style=\"text-align: center;\"><strong>Salade Ni\u00e7oise \u2013 155,00 kr<\/strong>.<br \/>\n\u201cGr\u00f8ndals\u201d tunfilet i \u00f8kologisk krydret olivenolie, pocheret \u00e6g &amp; gr\u00f8n urtecreme,<br \/>\nmed hjertesalat, gr\u00f8nne b\u00f8nner, citron, kapers &amp; tomat<br \/>\nServeres med friskbagt focacciabr\u00f8d &amp; pisket sm\u00f8r<\/p>\n<p style=\"text-align: center;\"><strong>Proteinpower-tallerken \u2013 185,00 kr.<\/strong><br \/>\nHakkeb\u00f8f, \u00f8kologiske spejl\u00e6g fra Niels &amp; Grete, avocado<br \/>\n&amp; en s\u00e6sonbestemt salat<\/p>\n<p style=\"text-align: center;\"><strong>B\u00f8rnemenu \u2013 95,00 kr.<\/strong><br \/>\nPasta med k\u00f8dboller &amp; gnave gr\u00f8nt<\/p>\n<p style=\"text-align: center;\"><strong>Tiramisu \u2013 65,00 kr.<\/strong><br \/>\nTiramisu med mascarponecreme &amp; hjemmebagte savoiardi kiks<\/p>\n<p>[\/vc_column_text][\/vc_column_inner][\/vc_row_inner][vc_empty_space height=&#8221;100px&#8221;][\/vc_column][\/vc_row][vc_row css=&#8221;.vc_custom_1767541249844{padding-right: 5% !important;padding-left: 5% !important;background-position: center !important;background-repeat: no-repeat !important;background-size: cover !important;border-radius: 30px !important;}&#8221; el_class=&#8221;banner&#8221;][vc_column][vc_row_inner css=&#8221;.vc_custom_1767689624181{background-image: url(http:\/\/worksopwebdesign.co.uk\/SMAG\/wp-content\/uploads\/2026\/01\/smag9.jpg?id=3046) !important;background-position: center !important;background-repeat: no-repeat !important;background-size: cover !important;border-radius: 30px !important;}&#8221;][vc_column_inner width=&#8221;1\/2&#8243; css=&#8221;.vc_custom_1767541555154{padding-left: 10% !important;}&#8221;][vc_empty_space height=&#8221;250px&#8221;][vc_column_text css=&#8221;&#8221;]<\/p>\n<h1>Vi gl\u00e6der os til at byde dig velkommen!<\/h1>\n<p>[\/vc_column_text][vc_btn title=&#8221;Book dit bord&#8221; css=&#8221;&#8221; link=&#8221;url:%2Fcatering&#8221;][vc_empty_space height=&#8221;250px&#8221;][\/vc_column_inner][vc_column_inner width=&#8221;1\/2&#8243;][\/vc_column_inner][\/vc_row_inner][\/vc_column][\/vc_row][vc_row][vc_column][vc_empty_space height=&#8221;60px&#8221;][\/vc_column][\/vc_row]<\/p>\n<\/div>","protected":false},"excerpt":{"rendered":"<p>[vc_row content_placement=&#8221;top&#8221; css=&#8221;.vc_custom_1767534805986{padding-right: 5% !important;padding-left: 5% !important;}&#8221;][vc_column width=&#8221;1\/2&#8243; el_class=&#8221;spacingpara&#8221;][vc_empty_space height=&#8221;60px&#8221;][vc_column_text css=&#8221;&#8221;] Smag Carlsberg Byen [\/vc_column_text][vc_empty_space height=&#8221;30px&#8221;][vc_column_text css=&#8221;&#8221; el_class=&#8221;maintextforms&#8221;]Smag Carlsberg Byen er et madhus med hjertet i s\u00e6sonens r\u00e5varer. Vi laver mad med fokus p\u00e5 \u00f8kologi og lokale producenter \u2013 fra friske gr\u00f8ntsager til mejeriprodukter fra\u00a0S\u00f8tofteg\u00e5rd\u00a0og brune \u00f8kologiske \u00e6g fra\u00a0Niels &amp; Grete. I vores lille deli [&hellip;]<\/p>\n","protected":false},"author":1,"featured_media":0,"parent":0,"menu_order":0,"comment_status":"closed","ping_status":"closed","template":"","meta":{"footnotes":""},"class_list":["post-3304","page","type-page","status-publish","hentry"],"_links":{"self":[{"href":"http:\/\/worksopwebdesign.co.uk\/SMAG\/wp-json\/wp\/v2\/pages\/3304","targetHints":{"allow":["GET"]}}],"collection":[{"href":"http:\/\/worksopwebdesign.co.uk\/SMAG\/wp-json\/wp\/v2\/pages"}],"about":[{"href":"http:\/\/worksopwebdesign.co.uk\/SMAG\/wp-json\/wp\/v2\/types\/page"}],"author":[{"embeddable":true,"href":"http:\/\/worksopwebdesign.co.uk\/SMAG\/wp-json\/wp\/v2\/users\/1"}],"replies":[{"embeddable":true,"href":"http:\/\/worksopwebdesign.co.uk\/SMAG\/wp-json\/wp\/v2\/comments?post=3304"}],"version-history":[{"count":13,"href":"http:\/\/worksopwebdesign.co.uk\/SMAG\/wp-json\/wp\/v2\/pages\/3304\/revisions"}],"predecessor-version":[{"id":3317,"href":"http:\/\/worksopwebdesign.co.uk\/SMAG\/wp-json\/wp\/v2\/pages\/3304\/revisions\/3317"}],"wp:attachment":[{"href":"http:\/\/worksopwebdesign.co.uk\/SMAG\/wp-json\/wp\/v2\/media?parent=3304"}],"curies":[{"name":"wp","href":"https:\/\/api.w.org\/{rel}","templated":true}]}}